 2*t - 555. Suppose 84 = 2*a - t. What is the greatest common factor of a and z?
16
Suppose -4 = -t - 0. Suppose -25 = -z - z + h, 5*z - 82 = -t*h. Let l = 4 + 10. Calculate the greatest common divisor of l and z.
14
Suppose 4*r + 5*r = 1872. Calculate the highest common divisor of r and 78.
26
Let h(b) = 13*b**2 - 2*b + 1. Let s be h(1). Let l be ((-5)/(25/5))/((-2)/(-16)). Let w = s + l. Calculate the greatest common factor of w and 36.
4
Let d = 362 - -246. What is the greatest common factor of d and 38?
38
Suppose 0 = t + t - 6. Let q(j) = -j**3 + 13*j**2 - 13*j + 20. Let u be q(12). Suppose t*f + 260 = u*f. What is the highest common divisor of 26 and f?
26
Let z(w) = 4*w + 2. Let b = 37 + -37. Let m be z(b). Let t be -6 + 25 + m/(-2). What is the highest common divisor of 2 and t?
2
Suppose 53 = 41*x - 111. Suppose -12 - 3 = -3*r. Suppose r*u + d - 39 = 0, 4*u - 3*u - 2*d = 10. Calculate the highest common factor of u and x.
4
Let u = 2054 + -2020. What is the highest common divisor of u and 272?
34
Let c = 122 - 95. What is the highest common factor of c and 189?
27
Let g(h) = -49*h - 232. Let d be g(-13). Calculate the highest common divisor of d and 15.
15
Let w = 24 + -9. Let x be (-6)/9 - (-34)/6. What is the greatest common factor of w and x?
5
Suppose 4*d = -4*x + 368, 2*d + 0*x - 174 = 3*x. Suppose 8*b - 5*b - d = 0. Let f = 57 - b. Calculate the greatest common divisor of f and 27.
27
Let s = -387 + 438. What is the highest common divisor of s and 85?
17
Let j be ((-100)/6)/(2/(-18)). What is the highest common factor of j and 180?
30
Let j(t) = 63*t + 55. Let h be j(7). Calculate the highest common divisor of h and 80.
16
Let i = 5 + 0. Suppose -i*t + 3*j = -359 - 220, 0 = 4*t - 5*j - 458. Let l be 212/16 - (-1)/(-4). Calculate the highest common divisor of t and l.
13
Let v be 8/6 + 104/(-24). Let c = v + 27. What is the highest common divisor of c and 8?
8
Suppose -p - 241 = 281. Let y = -181 - p. Calculate the greatest common factor of 31 and y.
31
Let f be (-3)/(-4)*(-7)/((-147)/140). Let q be -2 - -4 - (-3 - f). Suppose t = -3*k + 77, k = -3*k + 3*t + 94. Calculate the greatest common factor of q and k.
5
Suppose -7*r = 1636 - 376. Let j be (0 + (-2)/4)*r. What is the highest common divisor of 36 and j?
18
Let g be ((-14454)/231)/(1/(-14)). What is the highest common factor of g and 24?
12
Let o = -11 + -78. Let a = -59 - o. Let c be (0 - a)*4/(-8). What is the greatest common factor of 15 and c?
15
Let a be 1 + 76/14 + 72/(-168). Let h(s) = -s**3 - s**2 + 3. Let t be h(0). Suppose t = -0*o + 3*o. Calculate the greatest common divisor of o and a.
1
Let t(l) = 10*l**3 - 7*l**2 + l - 2. Let r be t(3). Suppose -3*c + r = -2*c. What is the greatest common factor of 26 and c?
26
Let g(u) = -u**3 - 9*u**2 + 10*u. Let w be g(-10). Suppose w = -3*f - 3*f - 66. Let r = f + 14. Calculate the greatest common factor of r and 1.
1
Let d be -6*3/(-9) + 8. What is the greatest common divisor of 320 and d?
10
Suppose 0 = -13*n - 6*n + 19380. What is the highest common divisor of 60 and n?
60
Let b be (-10120)/(-25) - (-1)/5. Suppose y + 0*y + 5*c = 93, 5*y - b = -5*c. Suppose 4*p - 2*p - y = 0. Calculate the highest common divisor of 13 and p.
13
Let k be -22 - -27 - 4*1. Let n be 38/4 - (-2)/(-4). Calculate the greatest common factor of k and n.
1
Let w(o) = -o**3 - o**2 + 7*o. Let u be w(-3). Let m be (-104)/u + (-3 - (-10)/3). What is the highest common divisor of 175 and m?
35
Let c = 28 + -41. Let k = 20 + c. What is the highest common factor of 28 and k?
7
Let b(q) = 11*q**2 + 4*q + 3. Let s be b(-8). Suppose 9*m + s = 14*m. What is the highest common divisor of m and 15?
15
Suppose 45*y - 957 = 42*y. What is the highest common factor of 33 and y?
11
Suppose 2*g = 5*h - 362, -5*h - 3*g + 92 = -265. Calculate the greatest common factor of 126 and h.
18
Let f = -119 - -217. Suppose 8*h - 8 = 384. Calculate the highest common divisor of f and h.
49
Let c = 56 - 35. Suppose -2*u + 15 = -3*z, z + c = 5*u - 10. What is the greatest common factor of u and 3?
3
Suppose -12*i = -4*i - 504. Calculate the greatest common divisor of 7 and i.
7
Suppose 2*d = -2*z + 2 - 0, 4*d = -3*z - 2. Suppose -4 = 2*p - z*p. Suppose 14 = -5*v + 69. What is the greatest common divisor of p and v?
1
Suppose 0 = 44*d - 2580 + 776. What is the highest common factor of 5207 and d?
41
Suppose 2*b - 40 = -4*q - 2*b, -4*q - 5*b = -39. Let j = q - 20. Let w = j + 14. Calculate the greatest common factor of w and 55.
5
Let y = 31 + 23. Let r(x) = x**3 - 6*x**2 + 5*x - 6. Let n be r(6). Suppose 3*l - 9 = 3*h + n, -5*l = 4*h - 10. What is the highest common factor of y and l?
6
Let l = 371 - 351. What is the highest common divisor of 1810 and l?
10
Let v(l) = -l**3 + 11*l**2 + 3*l - 21. Let k = -115 + 126. Let n be v(k). What is the highest common factor of 84 and n?
12
Let c be ((-128)/(-40) - 2) + (-508)/(-10). What is the highest common divisor of 13 and c?
13
Let x(i) = -i**2 + 7*i + 3. Suppose -2*t = -4*t + 12. Let y be x(t). What is the highest common divisor of 81 and y?
9
Suppose 0 = -5*k - 4*n + 133, -k = -8*n + 7*n - 23. Calculate the greatest common divisor of k and 575.
25
Let o(l) = -2*l**3 - 2*l**2 - 3*l. Let r be o(-2). Let k(h) = -6*h**3 - 543*h**2 - 272*h - 54. Let d be k(-90). Calculate the highest common divisor of r and d.
14
Let b = -68 - -34. Let m = 58 + b. Let c(f) = f**3 - 13*f**2 + 14*f - 12. Let n be c(12). Calculate the greatest common factor of n and m.
12
Let k(p) = -p**3 + 13*p**2 - 9*p - 3. Let q be k(12). Let v be (-1 + q/9)*6. What is the highest common factor of v and 16?
16
Let i(k) = 12*k**2 + 152*k - 18. Let w be i(-13). Let g be -17*3/3*-3. What is the greatest common divisor of g and w?
17
Let g(r) = -3*r. Let m be g(-3). Suppose 0 = -m*u + u + 48. Let x(n) = -n**3 + 6*n**2 - 5*n + 6. Let y be x(4). Calculate the greatest common factor of y and u.
6
Suppose 0 = -4*v + 5*j + 23, v - 2*j - 2*j - 14 = 0. Suppose 8*x + 13 = 37. Calculate the highest common factor of v and x.
1
Suppose 30 = 10*u - 140. Suppose 4*v - 201 = v. Suppose 3*c - r - 47 = 0, -3*c + r = 5*r - v. What is the highest common factor of c and u?
17
Suppose 6*a = 10*a + 24. Let t be a/(-15) - 34/10. Let d be (-588)/t - (1 + 3). What is the highest common divisor of d and 24?
24
Let g = 71 + 69. Let l = -80 + 160. Let r = g - l. Calculate the highest common factor of 24 and r.
12
Suppose 86*r - 87*r = -68. Calculate the greatest common divisor of 493 and r.
17
Let q be -8*(9 + -7 + 15/(-2)). Let l(j) = -j - 4. Let s be l(-4). Suppose 4*d - 7*d + 198 = s. What is the greatest common factor of d and q?
22
Let c = -102 - -106. Let x be (-363)/(-7) + c/28. Calculate the highest common factor of x and 4.
4
Let g(p) = -32*p + 16. Let k be g(4). Let v be (-2)/(-9) - k/63. Calculate the highest common divisor of v and 2.
2
Let i(t) be the third derivative of t**4/24 + 3*t**3 + 5*t**2. Suppose 19*j = 20*j + 14. Let b be i(j). Calculate the highest common divisor of b and 2.
2
Suppose 55 = -v + 6*v. Let n(x) = -x**3 + 9*x**2 + 23*x + 17. Let t be n(v). Calculate the highest common factor of 252 and t.
28
Let b(z) = -z**2 + 8*z. Let m be (8/1)/(1 - 0). Let x be b(m). Suppose x = 4*j - 895 + 319. What is the highest common factor of 18 and j?
18
Let j(t) = t**3 - 21*t**2 - 16*t - 114. Let g be j(22). What is the greatest common divisor of g and 171?
9
Let o = -81 + 107. What is the greatest common factor of 702 and o?
26
Let a(x) = -11*x - 2. Let d be a(-1). Suppose 3*g + 89 - 266 = -3*o, 4*g = 2*o + 260. Calculate the highest common factor of d and g.
9
Let o(c) = -8*c - 7. Let g be o(-7). Suppose -13 + g = 2*m. Suppose 4*h + 4*z - 116 = 0, 3*z = 2*h - 3*h + 33. Calculate the greatest common factor of h and m.
9
Let n = -17 - -19. Suppose -n*d + 8*d - 660 = 0. What is the highest common factor of 11 and d?
11
Let p(t) = -3*t - 7. Suppose 2*g - 5*l = -11, l + 0 + 14 = -5*g. Let w be p(g). Suppose w*n - 90 = n. Calculate the highest common factor of 36 and n.
18
Suppose -t + k + 76 = 0, -3*t + 4*t - 51 = -4*k. Let j = 191 - t. Calculate the highest common factor of 24 and j.
24
Let t be 22 - (-10)/5*3/2. Suppose -30*x = -33*x + 600. What is the greatest common factor of x and 